mon divisor of m and s.
14
Let m = 10 - -17. Suppose -3*k - 10 = -3*s + 29, 5*k - 31 = -3*s. Suppose -3*h + s = -m. Calculate the highest common divisor of h and 117.
13
Let z be (2 - 0) + (-10)/5. Let t be 7 + -5 - (8 - 9). Suppose z = -r - t*w + 17, 0 = 5*r - 5*w + 9 - 74. What is the greatest common factor of 56 and r?
14
Let n = -327 + 339. Calculate the greatest common factor of 2 and n.
2
Let a(u) = 26 + 5*u - 17 - 72 - 20. Let q be a(17). Calculate the highest common factor of q and 6.
2
Suppose 12*a + 423 = 13*a. Calculate the highest common divisor of 94 and a.
47
Let w(z) = 2*z**2 - 6*z + 20. Let l be w(-10). Suppose 6*d + l = 796. Suppose -d = -6*c + 142. Calculate the highest common factor of 57 and c.
19
Suppose -321 = -29*f + 74847. What is the greatest common factor of 32 and f?
32
Suppose -3*h - 3*u + 183 = 0, h - 4*u - 55 = -9. Suppose -y - h - 115 = -4*z, 3*z + y = 121. What is the greatest common factor of z and 28?
14
Let l(m) = m**3 - 3*m**2 + 14*m**2 - 7 - m**2. Let p = 57 - 64. Let w be l(p). Calculate the greatest common factor of 20 and w.
20
Let q = 221 - 95. Suppose 3*d - 21 = 21. What is the highest common factor of q and d?
14
Let t(c) be the second derivative of -c**5/20 + 9*c**4/4 + c**3 - 15*c**2/2 - 3*c - 1. Let y be t(27). Calculate the highest common divisor of y and 42.
21
Suppose -3*k = 4*v - 978, -5*k + 168 = 3*v - 1473. Calculate the highest common factor of 90 and k.
30
Let r(c) = 2*c + 1. Let n be r(4). Calculate the greatest common factor of n and 153.
9
Suppose a - 3*s = -43, -162 - 73 = 5*a - 5*s. Let f = 137 + a. Calculate the highest common divisor of 8 and f.
8
Suppose -q + 5 + 8 = 0. Suppose -2*l - 5*t = 9, 5*l + 4*t - q = 7. Suppose 773 = 13*d + 565. Calculate the greatest common divisor of d and l.
8
Let a = 231 + -153. Suppose 6*c - c = -4*r + 86, -c + a = 4*r. Calculate the greatest common divisor of 95 and r.
19
Suppose -4 = -3*w - 34. Let g be (5/w)/((-1)/914). Suppose -7 = 5*h - g. Calculate the greatest common divisor of 15 and h.
15
Let l be (-44)/(-16) + 2/8. Let r be l/9*(7 - -2). Let j be 30/(r/(-12)*-6). Calculate the highest common divisor of j and 4.
4
Suppose -g + 6*g + 2*k - 50 = 0, 15 = -3*k. Suppose -d - 3*d + 30 = 2*j, 0 = -4*d + j + 33. What is the greatest common factor of d and g?
4
Let h be -1 - -17 - (0 + -1). Suppose 39 = -2*t - t. Let d = h + t. Calculate the greatest common divisor of 20 and d.
4
Suppose -7753 = 30*c - 22753. Calculate the highest common divisor of c and 60.
20
Let w = 132 + -98. Calculate the highest common factor of 102 and w.
34
Let g(k) = 2*k**2 - 12*k + 7. Let s be g(8). What is the highest common divisor of s and 78?
39
Let w be 42/(-28)*20/6. Let s be (-27)/w + (-44)/110. Suppose 2*z = r + 100, s*z + r - 68 - 168 = 0. What is the greatest common divisor of z and 16?
16
Let y be -4 + 3 - -9*1. Let t = -49 - -81. Let p be 6/((-12)/t*-2). What is the highest common factor of p and y?
8
Let z(r) = -111*r + 576. Let o be z(5). Calculate the greatest common factor of o and 105.
21
Let j be (14/(-21))/((-2)/(-3)). Let n(l) = -17*l**2 - l + 1. Let g be n(j). Let d = g - -31. What is the greatest common factor of 2 and d?
2
Let v be -1 - -7 - (3 - -18)/((-57)/266). Suppose 2*f = -0*f. Let n = 13 + f. What is the greatest common factor of v and n?
13
Let t = -153 - -708. Calculate the greatest common factor of 30 and t.
15
Suppose 2*z = 4*p - 222, p + z - 45 = 5*z. Let g = p + -42. Calculate the highest common factor of g and 75.
15
Let s = 164 - 161. Calculate the greatest common factor of s and 141.
3
Let l be (4 + -6)*-1*11. Let t = -36 - -58. What is the highest common divisor of l and t?
22
Suppose l = -d + 4*l + 21, 0 = -2*d + 5*l + 43. Calculate the highest common factor of d and 228.
12
Suppose -15*g + 0*g = -5610. Let p = -64 + 98. Calculate the greatest common factor of p and g.
34
Suppose -15*b + 117 + 4983 = 0. What is the greatest common divisor of b and 100?
20
Let g be 81 - (8/(-16))/(1/(-6)). Calculate the highest common divisor of 18 and g.
6
Suppose -2*h - 50 = -290. Let d = -3342 + 3357. Calculate the greatest common factor of h and d.
15
Let z be (-15 + 20)/((-4)/(-56)). Calculate the highest common factor of z and 190.
10
Let i = 12 - 17. Let y(q) be the third derivative of -q**4/24 - q**3/2 - 248*q**2. Let a be y(i). Calculate the greatest common divisor of a and 2.
2
Suppose 2*z - 18 = -0*z. Let v(d) = d**3 - 10*d**2 + 2*d + 8. Let p be v(z). Let g = p + 99. What is the greatest common divisor of 11 and g?
11
Suppose 720 = 5*r - 2*c, -20*r + 576 = -16*r + 4*c. Calculate the greatest common divisor of 108 and r.
36
Suppose 2 = 19*k - 21*k. Let l be (0 + 9/(-3))/k. Suppose l*x = 3*u + 39, -4*u - 10 = x + 2. Calculate the greatest common factor of x and 8.
8
Suppose -3*f = f - 16. Suppose -g - 3*g = f*v - 8, -5*v = 20. Let o be 10/4*(-12)/(-10). What is the highest common factor of g and o?
3
Let c be 2/(6/8181*9). What is the highest common factor of 3 and c?
3
Suppose 0 = 2*k - 3*m - 150, 2*m - 239 = -3*k - 14. Let q be (585/52)/(3/8). What is the highest common divisor of k and q?
15
Let x = -242 - -334. What is the highest common divisor of x and 69?
23
Let c = -15 + 16. Let z be -2 - c - (0 - 53). Calculate the highest common factor of 10 and z.
10
Suppose n + 5*p - 58 = 3*n, -5*n = 2*p + 116. Let u be 104*(3 + (-18)/4 - -2). Let o = u + n. Calculate the greatest common factor of 4 and o.
4
Let o be 3/(-6) - (-13)/2. Let y be 2 + (2*o)/2. Let h(v) = 3*v + 27. Let x be h(-5). Calculate the greatest common factor of y and x.
4
Suppose -3*b - 17 = l, 0*l - 26 = 2*l + 2*b. Let s be l*(3 + -5)*1. What is the highest common divisor of s and 55?
11
Suppose 10 - 15 = l. Let u = 50 - l. Calculate the highest common divisor of u and 5.
5
Suppose 5*a - 2*j - 331 = 0, 0*a + 2*a - 127 = -j. Let f be (-1)/(4/(-295)) - (-2)/8. Let n = 100 - f. Calculate the highest common divisor of n and a.
13
Let d = 24 + -21. Suppose -r + 24 = d. Let k be (-4 - r/(-4))*32. What is the highest common factor of 20 and k?
20
Let s be -2*(-3 + 3 + 1). Let b be ((-3)/s)/((-21)/(-70)). What is the highest common factor of b and 20?
5
Let s = 181 + -93. Calculate the greatest common divisor of 55 and s.
11
Suppose 3 = h - 9. Let z be ((-4)/2)/2 + -57. Let o = z - -94. Calculate the greatest common divisor of h and o.
12
Let a(g) be the first derivative of 27*g**2/2 + 9*g + 7. Let k be a(5). What is the highest common factor of k and 16?
16
Let j(r) = -4*r**2 - 16*r. Let d be j(-2). Calculate the highest common divisor of 752 and d.
16
Let p = 2417 + -1521. Calculate the highest common factor of p and 7.
7
Let p be (40/24)/((-3)/(-18)). Suppose 18 = 5*i - 57. What is the greatest common divisor of p and i?
5
Let d be (783/(-145))/(3/(-5)). Calculate the highest common factor of 2160 and d.
9
Let o = 153 - 114. Let k = -6 + 9. Suppose 0*b - 27 = -4*b - k*c, -4*b + c + o = 0. What is the highest common divisor of 27 and b?
9
Suppose -10*m - 2*v + 90 = -6*m, 0 = 2*m - 3*v - 33. Let j = 285 + -180. What is the greatest common divisor of j and m?
21
Suppose 0*l - 18 = 3*l. Let x be (400/(-75))/(4/l). Calculate the highest common divisor of x and 88.
8
Let v(p) = 2*p**2 + 13*p - 12. Let b be v(-14). Suppose -11 = -3*r - 5. Let y be (-4 + -32)*(-1)/r. Calculate the greatest common divisor of y and b.
18
Let y = 46 + -41. Suppose -25 = -y*n, 2*n = 2*q - 2*n - 64. Let i(z) = -z**2 - 4*z + 3. Let b be i(-3). Calculate the greatest common factor of q and b.
6
Suppose 2*r - 31 = 3. Let j = 1150 - 1133. What is the highest common divisor of r and j?
17
Let o = 65 + -38. Let z(k) = 2*k + 41. Let x be z(-19). Calculate the highest common factor of x and o.
3
Let k be 3*(-1 + -6)*(19 + -27). Calculate the greatest common divisor of k and 24.
24
Let i = -1060 + 1130. Calculate the highest common divisor of i and 470.
10
Let m = 17 - -36. Let l = 75 - m. Let d(z) = z + 5. Let g be d(-3). Calculate the greatest common divisor of g and l.
2
Suppose 11 = -2*b + 3*b. Let l be ((-12)/(-18))/((4/(-66))/(-1)). What is the greatest common factor of b and l?
11
Suppose 5*q - 22 = -v - 2*v, -2*q = -v - 11. Suppose 0 = -q*a + a + 12, -2*k - 5*a = -39. What is the greatest common factor of k